is the remainder when 11 is divided by 250/65 - a/(-26)?
3
Let p = 56 - -3. Calculate the remainder when p is divided by 30.
29
Suppose 3*h + 5*c = 43, 3*h - 3*c + 2 = 29. Suppose -31 = -2*l - h. Calculate the remainder when 19 is divided by l.
9
Let o(f) = -f + 3. Let z be o(3). Let q = 29 + -17. Calculate the remainder when (0 + z - -22) + 0 is divided by q.
10
Let g(z) = -z**3 + z**2 + z - 4. Let n = -10 + 7. Calculate the remainder when g(n) is divided by 15.
14
Suppose 20 + 97 = 3*f. Calculate the remainder when f is divided by -3 + 2 + (-2 - -24).
18
Let x = 89 - 35. What is the remainder when x is divided by (-41)/(-3) + (-43)/(-129)?
12
Let x be -10*(0 + (-3)/6). Suppose 5 + 0 = -x*d. What is the remainder when 31 is divided by 13 + 6/3*d?
9
Calculate the remainder when 74 is divided by 4/((-16)/114)*4/(-3).
36
Suppose 0 = -2*x + 6, -357 = -5*u - 4*x + 4935. Calculate the remainder when 73 is divided by u/28 - (-4)/14.
35
Let u(a) = -19*a - 5. Suppose i + 18 = 2*i + 4*q, 5*i + 4*q = 10. Calculate the remainder when u(i) is divided by 9.
6
Let h be ((-12)/10)/(3/(-10)). Let o = -2 + h. Suppose 7 = -o*g + 61. Calculate the remainder when g is divided by 10.
7
Suppose 4*v - 333 = -5*i, 3*i - 120 = i + 5*v. Suppose -4*c + i - 9 = 0. Calculate the remainder when 39 is divided by c.
11
Let o = 68 + -41. Let v(c) = -c**2 + 6*c + 7. What is the remainder when o is divided by v(6)?
6
Let j = -3 + 4. Suppose 9 = g + 5*u, -4*g + 5*u = 19 - 5. What is the remainder when 23 is divided by g/j*2*-4?
7
Let t be (21/(-6))/(1/14). Let z be 3/((-2)/(304/(-6))). Let d = z + t. What is the remainder when d is divided by 14?
13
Let c(v) = v**3 - 2*v**2 - v + 1. What is the remainder when c(3) is divided by 5?
2
Suppose -15 = -x - 4*x. Let p be 3*6 - (3 + -1). Suppose -m = 4*l - 6*m - 25, x*l = m + p. Calculate the remainder when l is divided by 3.
2
Let v(s) = -s**2 - 11*s + 4. Let u(t) = t**2 + 10*t - 4. Let x(f) = 6*u(f) + 5*v(f). Calculate the remainder when x(-6) is divided by 2.
0
What is the remainder when 141 is divided by (12/9)/(4/6) - -34?
33
Suppose -2*a + a = 14. Let b(q) = q**3 + 5*q**2 - 2*q - 5. Calculate the remainder when b(-4) is divided by (-1 - -2)/(-2)*a.
5
Let y = -12 - -6. Calculate the remainder when 32/1 + y/(-6) is divided by -2 + (-1 - -13) + 2.
9
Suppose -12*p - 205 = -1405. Calculate the remainder when p is divided by 26.
22
Suppose 0 = -4*v - 28 + 68. Let b(w) = 11*w + 3. Let n be b(3). Calculate the remainder when 53 is divided by (n/v)/(4/20).
17
Let h be 6/((6/(-4))/1). Let a be (1 - h/(-6))*3. Let w(v) = 27*v - 1. What is the remainder when w(a) is divided by 14?
12
Let v(g) = g**3 + 5*g**2 - 2. Let y(d) be the first derivative of -d**3/3 - 7*d**2 - 6*d + 5. What is the remainder when y(-9) is divided by v(-4)?
11
Let h(r) = -4*r**3 + 2*r**2 + 5*r + 1. What is the remainder when h(-2) is divided by 11?
9
Let g = -49 + 73. Let o = 16 - g. What is the remainder when 31 is divided by o/((-2 + 3)/(-2))?
15
Suppose -7 = 4*p + 3*t - 0, 0 = 5*p + 3*t + 5. Suppose -2*d + 0 = -2. Calculate the remainder when p is divided by d.
0
Suppose 0 = n + 2*s + 1, 3*s = 4*n - 27 - 2. Calculate the remainder when 14 is divided by n.
4
Suppose 3*i - 179 - 133 = -3*k, k + 3 = 0. Calculate the remainder when i is divided by 22.
19
Let g(l) = -l**3 - l**2 + 7. Suppose 34 = 4*f - 2*f. Let s = f - -2. Calculate the remainder when s is divided by g(0).
5
Suppose 3*q = -0*q + 2*z - 13, -2*z - 27 = 5*q. Let x = q - -4. Let v = 7 + x. Calculate the remainder when v is divided by 4.
2
Suppose 0*k - 4*k + 612 = 0. Calculate the remainder when k is divided by 39.
36
Suppose -5*h = -v + 28, -5*v = 5*h + 10 - 0. Suppose -4*i + 3*i - 73 = -v*c, -5*c - i = -111. What is the remainder when c is divided by 12?
11
Suppose -q + 2*q = 2. Let f be q*-1 - (-3 + -99). Suppose -l - 4*l + f = 0. What is the remainder when 58 is divided by l?
18
Let z(i) = i**2 + 4. Let k be z(0). Let c = 51 + -25. Calculate the remainder when c is divided by (3/5)/(k/60).
8
Suppose 11*m - 108 = 134. Let g = 63 - 39. Let j = -12 + g. Calculate the remainder when m is divided by j.
10
Suppose -4*u + 21 = 9. What is the remainder when 8 is divided by u?
2
Let m(j) = j. Suppose 0 = 5*o + 5*z - 11 - 24, -5*z - 15 = 0. What is the remainder when m(o) is divided by (-92)/(-16) - 2/(-8)?
4
Let k(p) = -p**2 + 12*p - 3. Let f be k(7). Suppose 4*n + 26 = 3*m, 0 = -m + 2*n + 5 + 5. Suppose f = 2*s - m. What is the remainder when s is divided by 7?
5
Suppose 0*y + 27 = 3*y. Let k = -5 + y. What is the remainder when 3/9*54/3 is divided by k?
2
Let w = -3 - -14. Let y = 6 - 3. What is the remainder when w is divided by y?
2
Suppose 2*n = 5*a - n - 34, 3*a - 3 = -4*n. Suppose 184 = a*f - j - 0*j, 4*f - 4*j = 160. What is the remainder when f is divided by 19?
17
What is the remainder when 28 - ((-2 - -3) + -2) is divided by 15?
14
Suppose 4*m + 32 = 188. Calculate the remainder when m is divided by 8.
7
Let i(p) = p**2 - 10*p + 15. Calculate the remainder when 28 is divided by i(10).
13
Let u = -27 + 30. What is the remainder when 13 is divided by u?
1
What is the remainder when 6/5*(-15)/(-6) is divided by 2?
1
Let h(m) = -6*m**3 + 19*m**2 + 19*m - 35. Let d(k) = k**3 - 4*k**2 - 4*k + 7. Let f(i) = 11*d(i) + 2*h(i). Calculate the remainder when 34 is divided by f(-5).
10
Suppose -5*j - 2*k + 72 = -38, -5*j + 3*k + 135 = 0. What is the remainder when 67 is divided by j?
19
Let a = 93 + -25. Let o = a - 39. Suppose 0 = -3*p - 8 + 38. Calculate the remainder when o is divided by p.
9
Let d(v) = 2*v**2 - 9*v + 9. What is the remainder when 106 is divided by d(6)?
25
Let b = 42 - -3. What is the remainder when b is divided by 6?
3
Let f(s) = -s + 15. Let i be f(11). Suppose -i*z - 5*n - 50 = -6*z, -2*n = 5*z - 125. Calculate the remainder when 71 is divided by z.
21
Suppose -4*c = c - 25. What is the remainder when c is divided by 2?
1
Suppose 0 = -2*a + 3*a. Suppose a*k + 30 = 2*k. Let b(u) = 44*u**3 - u**2 + u - 1. What is the remainder when b(1) is divided by k?
13
Suppose -5 - 10 = -5*u. Suppose 2*c = -4*o + 2*o + 40, o - 56 = -u*c. Calculate the remainder when 70 is divided by c.
16
Suppose -2*g + 2 = -4. Suppose 4*u - 3*u - 3 = -o, -3*u = -g*o - 9. Calculate the remainder when 4 is divided by u.
1
Suppose -2*x - 12 = -x + 4*o, 0 = o + 4. Let k = -5 + 10. Calculate the remainder when k is divided by ((-16)/24)/(x/(-18)).
2
Let x = 59 + -39. Calculate the remainder when 77 is divided by x.
17
Suppose 0 = x - 65 + 13. Suppose 28 = 5*c - x. What is the remainder when 30 is divided by c?
14
Let a be 9/(-6)*(-5 + 1). What is the remainder when 616/12 + (-2)/a is divided by 13?
12
Suppose 0 = y + 3, 2*s + y = 4*y + 59. Suppose -3*b - 3*o - 374 = -8*b, 2*b + 3*o - 137 = 0. Calculate the remainder when b is divided by s.
23
Calculate the remainder when 79 is divided by 4 + 12/4 + 13.
19
Let w = -11 + 20. Calculate the remainder when 33 is divided by w.
6
Suppose -6*i + 4*i = -120. Let c = 48 - 13. Let m = i - c. What is the remainder when m is divided by 13?
12
Let l(m) = 5*m + 7. Calculate the remainder when 76 is divided by l(3).
10
Suppose 4*t = -3*t + 56. What is the remainder when 23 is divided by t?
7
Let f = -27 - -29. What is the remainder when 3 is divided by f?
1
Calculate the remainder when 3*(-2)/(-2) - -35 is divided by 10.
8
Suppose -5*l = 18 - 608. What is the remainder when l is divided by 12?
10
Let w(b) = b**3 + 3*b**2 + b - 3. What is the remainder when w(2) is divided by 10?
9
Suppose 0 = -4*n - 2*c + 162, -c = -1 - 2. What is the remainder when 107 is divided by n?
29
Let z(o) = 3*o + 2. Let m be z(-2). Let c(w) = -5*w + 3. Calculate the remainder when c(m) is divided by 6.
5
Suppose -j + 81 = -0*j. Suppose -2*v + j = -5*s, 0*v - 4*v - 5*s = -87. Calculate the remainder when 81 is divided by v.
25
Suppose 4*h - 16 = -0. Let b(m) = 8*m - 3*m - 5 + h - 2*m. What is the remainder when 40 is divided by b(5)?
12
Suppose 4*s + 0*l - 4 = 4*l, 4*s = 2*l + 6. Calculate the remainder when 2 is divided by s.
0
Let n = -47 - -78. What is the remainder when n is divided by 16?
15
Suppose 2*g - 9 = 25. Suppose 0 = -2*p - 4*u + 16, -p + 2 = u - 2. Suppose b - 2*b + 33 = p. Calculate the remainder w